t b(a) be the second derivative of 587*a**5/20 + a**4/12 - a**3/6 - 4*a - 10. Is b(i) composite?
False
Let o(i) = -i**3 + 15*i**2 - 35*i - 9. Let f be o(12). Suppose f*k - 2*s = 3341, s = -0*k + 3*k - 3343. Is k composite?
True
Suppose 21*w - 15*w = 93306. Is w prime?
True
Suppose 56773 = 2*h + 3*o + 5168, 4*o = 20. Suppose t = -3*d - 3*t + h, 0 = -4*t - 20. Is d a composite number?
True
Let z be 4*(3 + -2)/4. Let a(x) = 17*x**2 - x. Let f be a(z). Suppose u = 4*g + 31 + f, 293 = 4*u + 5*g. Is u a composite number?
False
Let d(q) = 1370*q**2 + 21*q - 58. Is d(5) composite?
False
Let m = 29 - 26. Suppose 2*o - 1 = m. Is ((-92)/8)/(o/(-44)) a prime number?
False
Let s(y) = -8*y - 3. Let w be s(-6). Let f be (-18)/w + (-4)/(-10). Suppose 2*t - 10 = -f*t, 4*t = h - 37. Is h composite?
True
Let o be -3 - 1/((-2)/9136). Suppose 4*v = -v + o. Is v composite?
True
Let v(x) = 3053*x**3 - x**2 + 6*x - 11. Is v(4) a composite number?
False
Suppose -7*r = -8*r + 1. Is r/(-4) + 1268/16 prime?
True
Let w = 303111 - 165478. Is w a composite number?
False
Let n be ((-196)/12)/(6/(-18)). Suppose -o + n = -96. Is o a prime number?
False
Suppose 5*y = -25*z + 21*z + 9469, -4*y - 2383 = -z. Is z a prime number?
True
Suppose 0 = -v + 9*v. Is (764/(-6))/((-2)/3 - v) prime?
True
Let f(q) = q**3 - 13*q**2 - 15*q + 21. Let h be f(14). Let m(g) = 11*g - 3. Is m(h) composite?
True
Let a(l) = -2*l + 15. Let q be a(11). Let h(k) = 9*k**2 + 8. Let n be h(q). Let j = n + -246. Is j a composite number?
True
Let x(p) = 3*p**2 + 4*p + 15. Let z(b) = 3*b**2 + 3*b + 14. Let n(i) = -3*x(i) + 4*z(i). Let d be n(8). Let s = d + -118. Is s a prime number?
False
Suppose -4*x = -3*r - 36295, -x + 5*r + 9075 = 4*r. Suppose -x = -15*m + 5*m. Is m a prime number?
True
Let w(v) be the third derivative of -395*v**4/24 + 5*v**3/6 - 8*v**2. Is w(-4) a composite number?
True
Let z be (-110)/(-60) + (-2)/(-12). Is z/3*((-663)/(-2) + 3) a composite number?
False
Let y(z) = z**3 - 5*z**2 + 6*z - 3. Let t be y(4). Suppose -17*m + 18*m = 160. Suppose m = 5*j + t. Is j a composite number?
False
Let m = -8 - -10. Let s = 106 + m. Let a = 201 - s. Is a composite?
True
Let q(t) = -9*t**2 + 17*t - 129. Let m be q(7). Let p = 164 - 476. Let w = p - m. Is w a prime number?
True
Let m(c) = 1073*c - 138. Is m(11) prime?
False
Let u be ((-3)/6 + 0)*-6. Suppose -u*f + 4 = -2*f. Suppose -159 = -7*y + f*y. Is y composite?
False
Suppose -4*b + 162 = -10. Suppose 10684 = -b*r + 47*r. Is r composite?
False
Is ((-15628)/12)/((-1)/3) a composite number?
False
Let t = -8 + 12. Let d be ((-218)/t)/(5/(-10)). Let b = 191 - d. Is b a composite number?
True
Let m be 8/((-1 - -2)*-2). Let n(s) = -7*s - 6. Is n(m) a prime number?
False
Suppose -5*g - p = -58 + 22, 0 = 5*g + 2*p - 32. Let h(t) = -21 + g - 4*t + 2*t - 8*t. Is h(-6) composite?
False
Suppose 2*d = -2*o + 17 + 7, 0 = -o. Suppose -d*q = -14*q + 446. Is q a composite number?
False
Suppose 4*q - 9*i + 7*i = 7922, -3957 = -2*q + 5*i. Is q prime?
False
Let y = 25789 - 9306. Is y composite?
True
Is (-18)/99 - (-65463)/11 a prime number?
False
Is 3*4/66 - 1497621/(-583) composite?
True
Suppose 6*y = 1747 + 13451. Is y a prime number?
False
Suppose 4*r = 49*f - 46*f - 92961, -2*f + 2*r = -61976. Is f a composite number?
True
Let o(l) = 82*l**3 + 2*l**2 - 10*l + 5. Suppose 0 = 4*m - 4*u - 16, 2*m - 9 + 1 = 3*u. Is o(m) prime?
False
Let x(n) = n**3 - 9*n**2 + 11*n + 7. Suppose -2*a + 14 = 2*g, -4*a + 4*g + 52 = -0*a. Is x(a) prime?
False
Suppose -539 = -2*s - 21. Is s prime?
False
Suppose -50*n = -52*n + 18. Suppose -1022 = -4*y + 3*a, n*a = -y + 5*a + 246. Is y a prime number?
False
Let u = 1363 + -1975. Let v(n) = -49*n**2 + 3*n - 3. Let g be v(2). Let w = g - u. Is w a composite number?
False
Let r = 2877 - 1118. Is r composite?
False
Let z(p) be the third derivative of -p**6/60 - p**5/6 - p**4 + 3*p**3/2 + 6*p**2. Is z(-10) composite?
False
Let z(a) = -18*a**3 - a**2 + 7*a + 9. Let l be (0 + 2)*(16/(-2) - -6). Is z(l) composite?
False
Suppose -32*g + 260238 = 34222. Is g prime?
False
Suppose 0*h + 36 = u + 3*h, -1 = -u + 4*h. Is 1227/u + (-24)/(-42) composite?
False
Let w = 215 - 236. Suppose -5*u + 112 = -4*u. Let z = w + u. Is z composite?
True
Suppose 16*w - 7*w = 27. Suppose -w*m = -h - 7710, -5*m + 3*m = h - 5135. Is m prime?
False
Suppose -c + 5*h = c - 58042, 58038 = 2*c - 4*h. Is c composite?
True
Let a = -150 - -263. Suppose 3*h - 674 = -a. Is h a composite number?
True
Let a = -12 - -20. Let l = 8 - a. Suppose 0 = -d - j + 118, l = -0*d - d + j + 128. Is d a prime number?
False
Suppose 28*k - 26412 = 16*k. Is k a composite number?
True
Let d = 41755 + -29481. Let y = d - 8489. Is y prime?
False
Let w = 276939 + -181070. Is w prime?
True
Let r be -3 - -2 - (3 + -4). Is (-720)/(-1) + r + (-1 - 2) composite?
True
Suppose 3*t + 0*t = 2*l + 44223, 4*t = 3*l + 58964. Is t a prime number?
True
Suppose 5*c + 3*i = 2295 + 3462, 4 = i. Let u = c - 442. Is u prime?
False
Let d = 1634 + 248. Is d a composite number?
True
Suppose -2*j = -5*j - 5*f - 30020, 9992 = -j + 2*f. Let o = j - -18467. Is o a prime number?
True
Is -3 - (-54724 - 0/1) composite?
False
Let p be -2 - (1 - 2/((-8)/(-4))). Let t(x) = 495*x**2 - 2*x - 3. Is t(p) prime?
False
Suppose -14704 = -f + 3*d, -f + 10895 = 5*d - 3769. Is f a prime number?
False
Is 199003*(704/77 - 9) a composite number?
False
Let n(c) = 2*c - 10. Let j = 23 - 12. Let f be n(j). Suppose f*v = 11*v + 74. Is v a prime number?
False
Let c(q) = 26*q**2 - 3*q - 97. Is c(-12) composite?
True
Let o(w) = 1826*w + 25. Let j be (-47)/(-9) - (-36)/(-162). Is o(j) prime?
False
Suppose -39*x - 12916 = -43*x. Is x a prime number?
True
Let r = 11 - 7. Suppose -r*b = d + 15, b + 5 = 5*d - 4. Is (1 + (-7)/b)*124 a composite number?
True
Is 1 - 1*(6 + -23404) a prime number?
True
Let v(b) = 4*b**2 - 3*b - 3. Let f be v(2). Let m(x) = 4*x**3 - 7*x**2 + x + 7. Is m(f) prime?
False
Let h = 21818 + -10127. Suppose -3*d - 768 = -h. Is d a prime number?
False
Suppose -3*j + 6 + 3 = 0. Suppose -124 - 209 = -j*y. Is y composite?
True
Let i(k) = -523*k + 32. Is i(-17) a prime number?
True
Let d(s) = s**3 - 25*s**2 - 23*s + 7. Let f be d(19). Let q = -1350 - f. Is q/(0 + (3 - 1)) prime?
False
Suppose -1 = -6*y + 23. Let b = y + 0. Let z(n) = 8*n**3 - n**2 - 3*n - 5. Is z(b) a prime number?
True
Suppose -8*b - 7401 = -9*b + 2*o, o - 2 = 0. Is b prime?
False
Let p(b) be the third derivative of -b**4/12 + 7*b**3/2 - 2*b**2. Let f be p(11). Let x(a) = 674*a**2 + 2*a + 1. Is x(f) prime?
True
Suppose 5*f = f + 16. Suppose -k = 3*k + 5*d - 5, -f*d + 4 = 0. Suppose 3*o + 94 - 793 = k. Is o composite?
False
Suppose -2*w - w = 6, -5*w = -4*q - 202. Let n = q + 264. Is n a prime number?
True
Let f = 25 - 29. Let p be -3 - f - 1 - -1. Is (38/(-8))/(p/(-4)) composite?
False
Let v = -267 - 919. Let o = v - -1815. Is o composite?
True
Let f(k) = -2 + 2*k**2 - k - k - 4*k + 4*k. Let q be f(2). Is q*-3*39/(-18) prime?
True
Let y(d) = -397*d - 211. Is y(-14) a prime number?
True
Suppose 0 = -5*l + 2*f + 10, 4*l - 4*f = -2*f + 8. Suppose -3*q = -5*y - 110, 3*y + l*q = y - 44. Is y/(-77) + 1578/14 a prime number?
True
Let q(n) = 41*n**2 + 8*n + 12. Let w be q(-3). Suppose w + 2142 = 3*y + 4*l, -4136 = -5*y + 3*l. Is y a composite number?
False
Suppose -v + 3*z = -7412, -8*v + 4*z + 37027 = -3*v. Is v a prime number?
False
Let x = 52 - 35. Suppose x*n - 13*n = 628. Is n a composite number?
False
Suppose -55*w + 2*b - 21347 = -58*w, 2*w - 3*b - 14227 = 0. Is w composite?
True
Let w be ((-4)/8)/(2/12). Suppose -4*u + 5036 = o, -o + 5018 = -u - 4*u. Is ((-2)/8)/(w/o) a composite number?
False
Is (-8 + -1)/9*-5981 a composite number?
False
Suppose 227*a = 223*a + 11428. Is a a composite number?
False
Let w(i) = -92*i + 113. Is w(-9) a prime number?
True
Let d(f) be the third derivative of 57*f**4/8 + 10*f**3/3 - 13*f**2. Is d(17) composite?
False
Let c(k) = 14*k**2 + 6*k. Suppose 4*n + 22 = -i, 0 = 3*n + 3*i - 3 + 24. Let w be c(n). Suppose 4*p = 4*y - w, -3*p + 2*p + 315 = 4*y. Is y a prime number?
True
Suppose -3*o - r - 4 = -2, -5*o + 5*r + 30 = 0. Let g be (6/o)/3 + -2. Is 73/1 + (1 - g) a prime number?
False
Let z = 43360 - 19383. Is z a prime number?
True
Suppose -8854